{"id":57,"date":"2023-06-13T10:27:06","date_gmt":"2023-06-13T10:27:06","guid":{"rendered":"http:\/\/zeiterfass.de\/?page_id=57"},"modified":"2023-06-13T11:58:45","modified_gmt":"2023-06-13T11:58:45","slug":"abeitsruhegesetz","status":"publish","type":"page","link":"https:\/\/zeiterfass.de\/?page_id=57","title":{"rendered":"Abeitsruhegesetz"},"content":{"rendered":"<p>[et_pb_section fb_built=&#8220;1&#8243; _builder_version=&#8220;4.21.0&#8243; _module_preset=&#8220;default&#8220; global_colors_info=&#8220;{}&#8220;][et_pb_row _builder_version=&#8220;4.21.0&#8243; _module_preset=&#8220;default&#8220; global_colors_info=&#8220;{}&#8220;][et_pb_column type=&#8220;4_4&#8243; _builder_version=&#8220;4.21.0&#8243; _module_preset=&#8220;default&#8220; global_colors_info=&#8220;{}&#8220;][et_pb_text _builder_version=&#8220;4.21.0&#8243; _module_preset=&#8220;default&#8220; header_font=&#8220;Open Sans||||||||&#8220; header_text_color=&#8220;#fdc731&#8243; header_font_size=&#8220;38px&#8220; header_2_text_color=&#8220;#fdc731&#8243; header_2_font_size=&#8220;39px&#8220; global_colors_info=&#8220;{}&#8220;]<\/p>\n<h2>Arbeitsruhegesetz<\/h2>\n<p>[\/et_pb_text][et_pb_text _builder_version=&#8220;4.21.0&#8243; _module_preset=&#8220;default&#8220; text_font=&#8220;Open Sans||||||||&#8220; text_font_size=&#8220;16px&#8220; header_font=&#8220;Open Sans||||||||&#8220; header_text_color=&#8220;#fdc731&#8243; global_colors_info=&#8220;{}&#8220;]<\/p>\n<p>Das Arbeitsruhegesetz (ARG) ist ein \u00f6sterreichisches Bundesgesetz, das die Ruhezeiten der Arbeitnehmer regelt. Es wurde 1983 eingef\u00fchrt und zuletzt 2018 ge\u00e4ndert. Das Gesetz enth\u00e4lt Bestimmungen zu Wochenendruhe, Wochenruhe, Ersatzruhe und Feiertagsruhe. Es ist f\u00fcr die meisten Arbeitnehmer in \u00d6sterreich g\u00fcltig, mit Ausnahmen f\u00fcr bestimmte Berufsgruppen wie leitende Angestellte, F\u00fchrungskr\u00e4fte, Lehrende und Erziehungskr\u00e4fte.<\/p>\n<h2>Geltungsbereich<\/h2>\n<p>Das Arbeitsruhegesetz gilt f\u00fcr den Gro\u00dfteil der Angestellten und Arbeitenden in \u00d6sterreich. Ausgenommen sind u.a. leitende Angestellte, F\u00fchrungskr\u00e4fte, Lehrende und Erziehungskr\u00e4fte. Angestellte in einer B\u00e4ckerei, Bedienstete in Krankenanstalten und Kraftwagenlenker werden von Sonderbestimmungen des ARG erfasst. Die Aufzeichnung von Arbeitszeiten ist, egal ob das ARG oder Sonderbestimmungen g\u00fcltig sind, in \u00d6sterreich grunds\u00e4tzlich verpflichtend.<\/p>\n<h2>Ruhezeiten<\/h2>\n<p>Die <a href=\"\/lexikon\/ruhezeiten\">Ruhezeit<\/a> beschreibt den Zeitraum zwischen zwei Arbeitstagen. Nach Beendigung der Tagesarbeitszeit muss dem Arbeitnehmer eine Ruhezeit von mindestens elf Stunden gew\u00e4hrt werden, welche nicht unterbrochen werden darf. Diese Ruhezeit darf in Ausnahmen auf acht Stunden verk\u00fcrzt werden, wenn in den n\u00e4chsten zehn Kalendertagen f\u00fcr Ausgleich gesorgt wird.<\/p>\n<h2>Wochenendruhe<\/h2>\n<p>Die Wochenendruhe beschreibt den arbeitsfreien Zeitraum am Wochenende. Dieser muss in \u00d6sterreich mindestens 36 Stunden betragen, wobei der Sonntag grunds\u00e4tzlich in die Wochenendruhe fallen muss. Die Wochenendruhe muss sp\u00e4testens am Samstag um 13:00 beginnen, wobei der Beginn bis 18:00 hinausgez\u00f6gert werden kann, wenn z.B. Fenstertage eingearbeitet werden.<\/p>\n<h2>Wochenruhe<\/h2>\n<p>In manchen Branchen ist eine Besch\u00e4ftigung am Wochenende \u00fcblich, beispielsweise im Gastgewerbe, im Gesundheitswesen oder im Verkehrswesen. In diesen F\u00e4llen ist dem Arbeitnehmer eine Wochenruhe zu gew\u00e4hren. Diese ersetzt die Wochenendruhe und muss ebenso mindestens 36 Stunden betragen. Anstelle des Sonntags, muss ein anderer Wochentag vollst\u00e4ndig frei sein.<\/p>\n<h2>Feiertagsruhe<\/h2>\n<p>Die gesetzliche Feiertagsruhe erm\u00f6glicht es dem Arbeitnehmer eine ununterbrochene Ruhezeit von 24 Stunden an Feiertagen. Diese Ruhezeit muss zwischen 0:00 und 6:00 des Feiertages beginnen. Zu den Feiertagen z\u00e4hlen in \u00d6sterreich u.a. Neujahr, Staatsfeiertag, Nationalfeiertag, Allerheiligen und Christtag.<\/p>\n<h2>Ersatzruhe<\/h2>\n<p>Wird ein Arbeitnehmer w\u00e4hrend den gesetzlich vorgeschriebenen 36 Stunden seiner w\u00f6chentlichen Ruhezeit besch\u00e4ftigt, hat dieser Anspruch auf Ersatzruhezeit. Die zu gew\u00e4hrende Ersatzruhe muss so lange sein, wie die Besch\u00e4ftigung, welche innerhalb 36 Stunden vor dem n\u00e4chsten Arbeitsbeginn stattgefunden hat.<\/p>\n<h2>Ausnahmen und Sonderregelungen<\/h2>\n<p>Bestimmte Berufsfelder sind vom Arbeitsruhegesetz ausgeschlossen bzw. sind gesondert geregelt. Davon sind beispielsweise Berufe des Fremdenverkehrs oder T\u00e4tigkeiten, welche dringenden Lebensbed\u00fcrfnissen der Bev\u00f6lkerung dienen, betroffen. Im Kollektivvertrag k\u00f6nnen weitere Ausnahmen bestimmt werden. Betriebsvereinbarungen k\u00f6nnen Kollektivvertr\u00e4ge durch weitere Sonderregelungen erweitern, wobei ein Arbeitnehmer nur vier weitere Male im Jahr eine Besch\u00e4ftigung an Wochenenden oder Feiertagen nachgehen darf, als es im Kollektivvertrag der Branche vorgesehen ist.<\/p>\n<h2>Einhaltung des Arbeitsruhegesetzes<\/h2>\n<p>Betriebliche Zeiterfassung kann dabei helfen, die Vorgaben des Arbeitsruhegesetzes einzuhalten. Bei exakter Aufzeichnung von Arbeits- und Pausenzeiten, kann berechnet werden, ob die Ruhezeiten eingehalten wurden. Mit einer Zeiterfassungssoftware oder Zeiterfassungs-App ist es umso einfacher, dies zu kontrollieren, da die gesetzlichen Regelungen hinterlegt werden k\u00f6nnen. Die Software identifiziert folglich Abweichungen dieser Vorschriften und informiert Arbeitgeber und Arbeitnehmer.<\/p>\n<p>[\/et_pb_text][\/et_pb_column][\/et_pb_row][\/et_pb_section]<\/p>\n","protected":false},"excerpt":{"rendered":"<p>ArbeitsruhegesetzDas Arbeitsruhegesetz (ARG) ist ein \u00f6sterreichisches Bundesgesetz, das die Ruhezeiten der Arbeitnehmer regelt. Es wurde 1983 eingef\u00fchrt und zuletzt 2018 ge\u00e4ndert. Das Gesetz enth\u00e4lt Bestimmungen zu Wochenendruhe, Wochenruhe, Ersatzruhe und Feiertagsruhe. Es ist f\u00fcr die meisten Arbeitnehmer in \u00d6sterreich g\u00fcltig, mit Ausnahmen f\u00fcr bestimmte Berufsgruppen wie leitende Angestellte, F\u00fchrungskr\u00e4fte, Lehrende und Erziehungskr\u00e4fte. Geltungsbereich Das Arbeitsruhegesetz [&hellip;]<\/p>\n","protected":false},"author":1,"featured_media":0,"parent":53,"menu_order":0,"comment_status":"closed","ping_status":"closed","template":"","meta":{"_et_pb_use_builder":"on","_et_pb_old_content":"","_et_gb_content_width":"","footnotes":""},"categories":[],"tags":[6],"class_list":["post-57","page","type-page","status-publish","hentry","tag-arbeitsruhegesetz"],"yoast_head":"<!-- This site is optimized with the Yoast SEO plugin v24.3 - https:\/\/yoast.com\/wordpress\/plugins\/seo\/ -->\n<title>Abeitsruhegesetz - Zeiterfass.de<\/title>\n<meta name=\"robots\" content=\"noindex, follow, max-snippet:-1, max-image-preview:large, max-video-preview:-1\" \/>\n<meta property=\"og:locale\" content=\"de_DE\" \/>\n<meta property=\"og:type\" content=\"article\" \/>\n<meta property=\"og:title\" content=\"Abeitsruhegesetz - Zeiterfass.de\" \/>\n<meta property=\"og:description\" content=\"ArbeitsruhegesetzDas Arbeitsruhegesetz (ARG) ist ein \u00f6sterreichisches Bundesgesetz, das die Ruhezeiten der Arbeitnehmer regelt. Es wurde 1983 eingef\u00fchrt und zuletzt 2018 ge\u00e4ndert. Das Gesetz enth\u00e4lt Bestimmungen zu Wochenendruhe, Wochenruhe, Ersatzruhe und Feiertagsruhe. Es ist f\u00fcr die meisten Arbeitnehmer in \u00d6sterreich g\u00fcltig, mit Ausnahmen f\u00fcr bestimmte Berufsgruppen wie leitende Angestellte, F\u00fchrungskr\u00e4fte, Lehrende und Erziehungskr\u00e4fte. Geltungsbereich Das Arbeitsruhegesetz [&hellip;]\" \/>\n<meta property=\"og:url\" content=\"https:\/\/zeiterfass.de\/?page_id=57\" \/>\n<meta property=\"og:site_name\" content=\"Zeiterfass.de\" \/>\n<meta property=\"article:modified_time\" content=\"2023-06-13T11:58:45+00:00\" \/>\n<meta name=\"twitter:card\" content=\"summary_large_image\" \/>\n<meta name=\"twitter:label1\" content=\"Gesch\u00e4tzte Lesezeit\" \/>\n\t<meta name=\"twitter:data1\" content=\"3\u00a0Minuten\" \/>\n<script type=\"application\/ld+json\" class=\"yoast-schema-graph\">{\"@context\":\"https:\/\/schema.org\",\"@graph\":[{\"@type\":\"WebPage\",\"@id\":\"https:\/\/zeiterfass.de\/?page_id=57\",\"url\":\"https:\/\/zeiterfass.de\/?page_id=57\",\"name\":\"Abeitsruhegesetz - Zeiterfass.de\",\"isPartOf\":{\"@id\":\"\/#website\"},\"datePublished\":\"2023-06-13T10:27:06+00:00\",\"dateModified\":\"2023-06-13T11:58:45+00:00\",\"breadcrumb\":{\"@id\":\"https:\/\/zeiterfass.de\/?page_id=57#breadcrumb\"},\"inLanguage\":\"de\",\"potentialAction\":[{\"@type\":\"ReadAction\",\"target\":[\"https:\/\/zeiterfass.de\/?page_id=57\"]}]},{\"@type\":\"BreadcrumbList\",\"@id\":\"https:\/\/zeiterfass.de\/?page_id=57#breadcrumb\",\"itemListElement\":[{\"@type\":\"ListItem\",\"position\":1,\"name\":\"Startseite\",\"item\":\"https:\/\/zeiterfass.de\/\"},{\"@type\":\"ListItem\",\"position\":2,\"name\":\"Lexikon\",\"item\":\"https:\/\/zeiterfass.de\/?page_id=53\"},{\"@type\":\"ListItem\",\"position\":3,\"name\":\"Abeitsruhegesetz\"}]},{\"@type\":\"WebSite\",\"@id\":\"\/#website\",\"url\":\"\/\",\"name\":\"Zeiterfass.de\",\"description\":\"\",\"potentialAction\":[{\"@type\":\"SearchAction\",\"target\":{\"@type\":\"EntryPoint\",\"urlTemplate\":\"\/?s={search_term_string}\"},\"query-input\":{\"@type\":\"PropertyValueSpecification\",\"valueRequired\":true,\"valueName\":\"search_term_string\"}}],\"inLanguage\":\"de\"}]}<\/script>\n<!-- \/ Yoast SEO plugin. -->","yoast_head_json":{"title":"Abeitsruhegesetz - Zeiterfass.de","robots":{"index":"noindex","follow":"follow","max-snippet":"max-snippet:-1","max-image-preview":"max-image-preview:large","max-video-preview":"max-video-preview:-1"},"og_locale":"de_DE","og_type":"article","og_title":"Abeitsruhegesetz - Zeiterfass.de","og_description":"ArbeitsruhegesetzDas Arbeitsruhegesetz (ARG) ist ein \u00f6sterreichisches Bundesgesetz, das die Ruhezeiten der Arbeitnehmer regelt. Es wurde 1983 eingef\u00fchrt und zuletzt 2018 ge\u00e4ndert. Das Gesetz enth\u00e4lt Bestimmungen zu Wochenendruhe, Wochenruhe, Ersatzruhe und Feiertagsruhe. Es ist f\u00fcr die meisten Arbeitnehmer in \u00d6sterreich g\u00fcltig, mit Ausnahmen f\u00fcr bestimmte Berufsgruppen wie leitende Angestellte, F\u00fchrungskr\u00e4fte, Lehrende und Erziehungskr\u00e4fte. Geltungsbereich Das Arbeitsruhegesetz [&hellip;]","og_url":"https:\/\/zeiterfass.de\/?page_id=57","og_site_name":"Zeiterfass.de","article_modified_time":"2023-06-13T11:58:45+00:00","twitter_card":"summary_large_image","twitter_misc":{"Gesch\u00e4tzte Lesezeit":"3\u00a0Minuten"},"schema":{"@context":"https:\/\/schema.org","@graph":[{"@type":"WebPage","@id":"https:\/\/zeiterfass.de\/?page_id=57","url":"https:\/\/zeiterfass.de\/?page_id=57","name":"Abeitsruhegesetz - Zeiterfass.de","isPartOf":{"@id":"\/#website"},"datePublished":"2023-06-13T10:27:06+00:00","dateModified":"2023-06-13T11:58:45+00:00","breadcrumb":{"@id":"https:\/\/zeiterfass.de\/?page_id=57#breadcrumb"},"inLanguage":"de","potentialAction":[{"@type":"ReadAction","target":["https:\/\/zeiterfass.de\/?page_id=57"]}]},{"@type":"BreadcrumbList","@id":"https:\/\/zeiterfass.de\/?page_id=57#breadcrumb","itemListElement":[{"@type":"ListItem","position":1,"name":"Startseite","item":"https:\/\/zeiterfass.de\/"},{"@type":"ListItem","position":2,"name":"Lexikon","item":"https:\/\/zeiterfass.de\/?page_id=53"},{"@type":"ListItem","position":3,"name":"Abeitsruhegesetz"}]},{"@type":"WebSite","@id":"\/#website","url":"\/","name":"Zeiterfass.de","description":"","potentialAction":[{"@type":"SearchAction","target":{"@type":"EntryPoint","urlTemplate":"\/?s={search_term_string}"},"query-input":{"@type":"PropertyValueSpecification","valueRequired":true,"valueName":"search_term_string"}}],"inLanguage":"de"}]}},"_links":{"self":[{"href":"https:\/\/zeiterfass.de\/index.php?rest_route=\/wp\/v2\/pages\/57","targetHints":{"allow":["GET"]}}],"collection":[{"href":"https:\/\/zeiterfass.de\/index.php?rest_route=\/wp\/v2\/pages"}],"about":[{"href":"https:\/\/zeiterfass.de\/index.php?rest_route=\/wp\/v2\/types\/page"}],"author":[{"embeddable":true,"href":"https:\/\/zeiterfass.de\/index.php?rest_route=\/wp\/v2\/users\/1"}],"replies":[{"embeddable":true,"href":"https:\/\/zeiterfass.de\/index.php?rest_route=%2Fwp%2Fv2%2Fcomments&post=57"}],"version-history":[{"count":4,"href":"https:\/\/zeiterfass.de\/index.php?rest_route=\/wp\/v2\/pages\/57\/revisions"}],"predecessor-version":[{"id":125,"href":"https:\/\/zeiterfass.de\/index.php?rest_route=\/wp\/v2\/pages\/57\/revisions\/125"}],"up":[{"embeddable":true,"href":"https:\/\/zeiterfass.de\/index.php?rest_route=\/wp\/v2\/pages\/53"}],"wp:attachment":[{"href":"https:\/\/zeiterfass.de\/index.php?rest_route=%2Fwp%2Fv2%2Fmedia&parent=57"}],"wp:term":[{"taxonomy":"category","embeddable":true,"href":"https:\/\/zeiterfass.de\/index.php?rest_route=%2Fwp%2Fv2%2Fcategories&post=57"},{"taxonomy":"post_tag","embeddable":true,"href":"https:\/\/zeiterfass.de\/index.php?rest_route=%2Fwp%2Fv2%2Ftags&post=57"}],"curies":[{"name":"wp","href":"https:\/\/api.w.org\/{rel}","templated":true}]}}