{"id":120,"date":"2023-06-13T11:57:43","date_gmt":"2023-06-13T11:57:43","guid":{"rendered":"http:\/\/zeiterfass.de\/?page_id=120"},"modified":"2023-06-13T11:58:00","modified_gmt":"2023-06-13T11:58:00","slug":"arbeitszeitgesetz","status":"publish","type":"page","link":"https:\/\/zeiterfass.de\/?page_id=120","title":{"rendered":"Arbeitszeitgesetz"},"content":{"rendered":"\n[et_pb_section fb_built=&#8220;1&#8243; _builder_version=&#8220;4.21.0&#8243; _module_preset=&#8220;default&#8220; global_colors_info=&#8220;{}&#8220;][et_pb_row _builder_version=&#8220;4.21.0&#8243; _module_preset=&#8220;default&#8220; global_colors_info=&#8220;{}&#8220;][et_pb_column type=&#8220;4_4&#8243; _builder_version=&#8220;4.21.0&#8243; _module_preset=&#8220;default&#8220; global_colors_info=&#8220;{}&#8220;][et_pb_text _builder_version=&#8220;4.21.0&#8243; _module_preset=&#8220;default&#8220; header_font=&#8220;Open Sans||||||||&#8220; header_text_color=&#8220;#fdc731&#8243; header_font_size=&#8220;38px&#8220; header_2_text_color=&#8220;#fdc731&#8243; header_2_font_size=&#8220;39px&#8220; global_colors_info=&#8220;{}&#8220;]<h2>Arbeitszeitgesetz<\/h2>[\/et_pb_text][et_pb_text _builder_version=&#8220;4.21.0&#8243; _module_preset=&#8220;default&#8220; text_font=&#8220;Open Sans||||||||&#8220; text_font_size=&#8220;16px&#8220; header_font=&#8220;Open Sans||||||||&#8220; header_text_color=&#8220;#fdc731&#8243; hover_enabled=&#8220;0&#8243; global_colors_info=&#8220;{}&#8220; sticky_enabled=&#8220;0&#8243;]<p>Das Arbeitszeitgesetz (ArbZG) ist ein zentraler Bestandteil des deutschen Arbeitsrechts und legt die Rahmenbedingungen f\u00fcr die Gestaltung der Arbeitszeiten fest. Es definiert die zul\u00e4ssige H\u00f6chstarbeitszeit, die Dauer von Pausen und <a href=\"\/lexikon\/ruhezeite\">Ruhezeiten<\/a> und regelt die Arbeit an Sonn- und Feiertagen sowie Nachtarbeit. Dieser Artikel bietet einen umfassenden \u00dcberblick \u00fcber die wichtigsten Bestimmungen des Arbeitszeitgesetzes.<\/p>\n<h2>Definition und Geltungsbereich des Arbeitszeitgesetzes<\/h2>\n<p>Das Arbeitszeitgesetz dient dem Schutz der Arbeitnehmer in Deutschland. Es legt die H\u00f6chstgrenzen f\u00fcr die Arbeitszeit pro Woche fest und bestimmt, wie lange Ruhepausen und Pausen dauern m\u00fcssen. Dar\u00fcber hinaus regelt es, ob und wie Sonn- und Feiertagsarbeit erlaubt ist und wie es sich mit der Ableistung von \u00dcberstunden verh\u00e4lt.<\/p>\n<p>Das ArbZG gilt grunds\u00e4tzlich f\u00fcr alle Arbeitnehmer, Auszubildende, Werkstudenten und Praktikanten. F\u00fcr minderj\u00e4hrige Arbeitnehmer und Auszubildende findet vorrangig das Jugendarbeitsschutzgesetz Anwendung, das strengere Arbeitszeitenregelungen enth\u00e4lt. Beamte, Selbst\u00e4ndige, Freiberufler, Soldaten und Betriebsratsmitglieder sind vom ArbZG ausgenommen.<\/p>\n<h2>Regelungen zur Arbeitszeit<\/h2>\n<p>Gem\u00e4\u00df \u00a7 3 Arbeitszeitgesetz darf die Arbeitszeit pro Werktag (Montag-Samstag) acht Stunden nicht \u00fcberschreiten. Allerdings l\u00e4sst das Arbeitszeitgesetz eine vor\u00fcbergehende Arbeitszeitausweitung auf bis zu zehn Arbeitsstunden pro Tag zu. Diese zus\u00e4tzlichen zwei Stunden m\u00fcssen innerhalb von 24 Wochen oder sechs Monaten durch Freizeit ausgeglichen werden.<\/p>\n<p>Die w\u00f6chentliche H\u00f6chstarbeitszeit betr\u00e4gt bei einer Sechs-Tage-Woche 48 Stunden. Auch hier kann es vor\u00fcbergehend zu einer \u00dcberschreitung der 48-Stunden-Grenze kommen, wobei die \u00dcberschreitung pro Woche nur zw\u00f6lf Stunden betragen darf.<\/p>\n<h2>Pausen und Ruhezeiten<\/h2>\n<p>Bei einer Arbeitszeit von mehr als sechs Stunden muss eine unbezahlte Arbeitspause von mindestens 30 Minuten gemacht werden. \u00dcbersteigt die Arbeitszeit neun Stunden, sieht das Arbeitszeitgesetz eine Pausenzeit von mindestens 45 Minuten vor. Zwischen zwei Arbeitstagen muss der Arbeitnehmer seine Arbeitszeit f\u00fcr mindestens elf Stunden unterbrechen.<\/p>\n<h2>Sonn- und Feiertagsarbeit<\/h2>\n<p>Arbeitnehmer d\u00fcrfen an Sonn- und Feiertagen normalerweise nicht besch\u00e4ftigt werden. Es gibt allerdings zahlreiche Ausnahmen von dieser Regelung, etwa f\u00fcr Not- und Rettungsdienste, Feuerwehr, Polizei oder Krankenh\u00e4user.<\/p>\n<h2>Nachtarbeit<\/h2>\n<p>Nachtarbeit ist die Arbeitszeit von 23 bis 6 Uhr, in B\u00e4ckereien von 22 bis 5 Uhr. Arbeitet der Arbeitnehmer mindestens 48 Nachtschichten pro Jahr, so gilt er als Nachtarbeitnehmer. Ein Nachtarbeitnehmer hat alle drei Jahre Anspruch auf eine arbeitsmedizinische Untersuchung.<\/p>\n<h2>\u00dcberstunden und Mehrarbeit<\/h2>\n<p>Das ArbZG erlaubt \u00dcberstunden, allerdings m\u00fcssen diese dokumentiert werden und der Arbeitgeber muss sicherstellen, dass die Gesamtarbeitszeit eingehalten wird. Nach Ableisten der \u00dcberstunden muss der Arbeitgeber einen entsprechenden Ausgleich in Form einer zus\u00e4tzlichen Verg\u00fctung oder Freizeit schaffen.<\/p>\n<h2>Teilzeit und Mehrfachbesch\u00e4ftigung<\/h2>\n<p>Das ArbZG gilt auch f\u00fcr Teilzeitbesch\u00e4ftigte. Bei einer Mehrfachbesch\u00e4ftigung, also wenn ein Arbeitnehmer f\u00fcr verschiedene Arbeitgeber t\u00e4tig ist, findet das ArbZG ebenfalls Anwendung. Beide Arbeitgeber sollten \u00fcber die Mehrfachbesch\u00e4ftigung informiert werden.<\/p>\n<h2>Einhaltung des Arbeitszeitgesetzes<\/h2>\n<p>Bei Verst\u00f6\u00dfen gegen die Bestimmungen des ArbZG kann sich der Arbeitnehmer an den Betriebsrat oder das zust\u00e4ndige Aufsichtsamt wenden. Dem Arbeitgeber droht bei Nichtbeachtung der Regelungen ein Bu\u00dfgeld.<\/p>\n<p>Das Arbeitszeitgesetz bildet den rechtlichen Rahmen f\u00fcr die Gestaltung der Arbeitszeiten und dient dem Schutz der Arbeitnehmer. Es ist wichtig, dass sowohl Arbeitgeber als auch Arbeitnehmer ihre Rechte und Pflichten nach dem ArbZG kennen und einhalten.<\/p>[\/et_pb_text][\/et_pb_column][\/et_pb_row][\/et_pb_section]\n","protected":false},"excerpt":{"rendered":"<p>ArbeitszeitgesetzDas Arbeitszeitgesetz (ArbZG) ist ein zentraler Bestandteil des deutschen Arbeitsrechts und legt die Rahmenbedingungen f\u00fcr die Gestaltung der Arbeitszeiten fest. Es definiert die zul\u00e4ssige H\u00f6chstarbeitszeit, die Dauer von Pausen und Ruhezeiten und regelt die Arbeit an Sonn- und Feiertagen sowie Nachtarbeit. Dieser Artikel bietet einen umfassenden \u00dcberblick \u00fcber die wichtigsten Bestimmungen des Arbeitszeitgesetzes. Definition und [&hellip;]<\/p>\n","protected":false},"author":1,"featured_media":0,"parent":53,"menu_order":0,"comment_status":"closed","ping_status":"closed","template":"","meta":{"_et_pb_use_builder":"on","_et_pb_old_content":"","_et_gb_content_width":"","footnotes":""},"categories":[],"tags":[8],"class_list":["post-120","page","type-page","status-publish","hentry","tag-arbeitszeitgesetz"],"yoast_head":"<!-- This site is optimized with the Yoast SEO plugin v24.3 - https:\/\/yoast.com\/wordpress\/plugins\/seo\/ -->\n<title>Arbeitszeitgesetz - Zeiterfass.de<\/title>\n<meta name=\"robots\" content=\"noindex, follow, max-snippet:-1, max-image-preview:large, max-video-preview:-1\" \/>\n<meta property=\"og:locale\" content=\"de_DE\" \/>\n<meta property=\"og:type\" content=\"article\" \/>\n<meta property=\"og:title\" content=\"Arbeitszeitgesetz - Zeiterfass.de\" \/>\n<meta property=\"og:description\" content=\"ArbeitszeitgesetzDas Arbeitszeitgesetz (ArbZG) ist ein zentraler Bestandteil des deutschen Arbeitsrechts und legt die Rahmenbedingungen f\u00fcr die Gestaltung der Arbeitszeiten fest. Es definiert die zul\u00e4ssige H\u00f6chstarbeitszeit, die Dauer von Pausen und Ruhezeiten und regelt die Arbeit an Sonn- und Feiertagen sowie Nachtarbeit. Dieser Artikel bietet einen umfassenden \u00dcberblick \u00fcber die wichtigsten Bestimmungen des Arbeitszeitgesetzes. Definition und [&hellip;]\" \/>\n<meta property=\"og:url\" content=\"https:\/\/zeiterfass.de\/?page_id=120\" \/>\n<meta property=\"og:site_name\" content=\"Zeiterfass.de\" \/>\n<meta property=\"article:modified_time\" content=\"2023-06-13T11:58:00+00:00\" \/>\n<meta name=\"twitter:card\" content=\"summary_large_image\" \/>\n<meta name=\"twitter:label1\" content=\"Gesch\u00e4tzte Lesezeit\" \/>\n\t<meta name=\"twitter:data1\" content=\"3\u00a0Minuten\" \/>\n<script type=\"application\/ld+json\" class=\"yoast-schema-graph\">{\"@context\":\"https:\/\/schema.org\",\"@graph\":[{\"@type\":\"WebPage\",\"@id\":\"https:\/\/zeiterfass.de\/?page_id=120\",\"url\":\"https:\/\/zeiterfass.de\/?page_id=120\",\"name\":\"Arbeitszeitgesetz - Zeiterfass.de\",\"isPartOf\":{\"@id\":\"\/#website\"},\"datePublished\":\"2023-06-13T11:57:43+00:00\",\"dateModified\":\"2023-06-13T11:58:00+00:00\",\"breadcrumb\":{\"@id\":\"https:\/\/zeiterfass.de\/?page_id=120#breadcrumb\"},\"inLanguage\":\"de\",\"potentialAction\":[{\"@type\":\"ReadAction\",\"target\":[\"https:\/\/zeiterfass.de\/?page_id=120\"]}]},{\"@type\":\"BreadcrumbList\",\"@id\":\"https:\/\/zeiterfass.de\/?page_id=120#breadcrumb\",\"itemListElement\":[{\"@type\":\"ListItem\",\"position\":1,\"name\":\"Startseite\",\"item\":\"https:\/\/zeiterfass.de\/\"},{\"@type\":\"ListItem\",\"position\":2,\"name\":\"Lexikon\",\"item\":\"https:\/\/zeiterfass.de\/?page_id=53\"},{\"@type\":\"ListItem\",\"position\":3,\"name\":\"Arbeitszeitgesetz\"}]},{\"@type\":\"WebSite\",\"@id\":\"\/#website\",\"url\":\"\/\",\"name\":\"Zeiterfass.de\",\"description\":\"\",\"potentialAction\":[{\"@type\":\"SearchAction\",\"target\":{\"@type\":\"EntryPoint\",\"urlTemplate\":\"\/?s={search_term_string}\"},\"query-input\":{\"@type\":\"PropertyValueSpecification\",\"valueRequired\":true,\"valueName\":\"search_term_string\"}}],\"inLanguage\":\"de\"}]}<\/script>\n<!-- \/ Yoast SEO plugin. -->","yoast_head_json":{"title":"Arbeitszeitgesetz - Zeiterfass.de","robots":{"index":"noindex","follow":"follow","max-snippet":"max-snippet:-1","max-image-preview":"max-image-preview:large","max-video-preview":"max-video-preview:-1"},"og_locale":"de_DE","og_type":"article","og_title":"Arbeitszeitgesetz - Zeiterfass.de","og_description":"ArbeitszeitgesetzDas Arbeitszeitgesetz (ArbZG) ist ein zentraler Bestandteil des deutschen Arbeitsrechts und legt die Rahmenbedingungen f\u00fcr die Gestaltung der Arbeitszeiten fest. Es definiert die zul\u00e4ssige H\u00f6chstarbeitszeit, die Dauer von Pausen und Ruhezeiten und regelt die Arbeit an Sonn- und Feiertagen sowie Nachtarbeit. Dieser Artikel bietet einen umfassenden \u00dcberblick \u00fcber die wichtigsten Bestimmungen des Arbeitszeitgesetzes. Definition und [&hellip;]","og_url":"https:\/\/zeiterfass.de\/?page_id=120","og_site_name":"Zeiterfass.de","article_modified_time":"2023-06-13T11:58:00+00:00","twitter_card":"summary_large_image","twitter_misc":{"Gesch\u00e4tzte Lesezeit":"3\u00a0Minuten"},"schema":{"@context":"https:\/\/schema.org","@graph":[{"@type":"WebPage","@id":"https:\/\/zeiterfass.de\/?page_id=120","url":"https:\/\/zeiterfass.de\/?page_id=120","name":"Arbeitszeitgesetz - Zeiterfass.de","isPartOf":{"@id":"\/#website"},"datePublished":"2023-06-13T11:57:43+00:00","dateModified":"2023-06-13T11:58:00+00:00","breadcrumb":{"@id":"https:\/\/zeiterfass.de\/?page_id=120#breadcrumb"},"inLanguage":"de","potentialAction":[{"@type":"ReadAction","target":["https:\/\/zeiterfass.de\/?page_id=120"]}]},{"@type":"BreadcrumbList","@id":"https:\/\/zeiterfass.de\/?page_id=120#breadcrumb","itemListElement":[{"@type":"ListItem","position":1,"name":"Startseite","item":"https:\/\/zeiterfass.de\/"},{"@type":"ListItem","position":2,"name":"Lexikon","item":"https:\/\/zeiterfass.de\/?page_id=53"},{"@type":"ListItem","position":3,"name":"Arbeitszeitgesetz"}]},{"@type":"WebSite","@id":"\/#website","url":"\/","name":"Zeiterfass.de","description":"","potentialAction":[{"@type":"SearchAction","target":{"@type":"EntryPoint","urlTemplate":"\/?s={search_term_string}"},"query-input":{"@type":"PropertyValueSpecification","valueRequired":true,"valueName":"search_term_string"}}],"inLanguage":"de"}]}},"_links":{"self":[{"href":"https:\/\/zeiterfass.de\/index.php?rest_route=\/wp\/v2\/pages\/120","targetHints":{"allow":["GET"]}}],"collection":[{"href":"https:\/\/zeiterfass.de\/index.php?rest_route=\/wp\/v2\/pages"}],"about":[{"href":"https:\/\/zeiterfass.de\/index.php?rest_route=\/wp\/v2\/types\/page"}],"author":[{"embeddable":true,"href":"https:\/\/zeiterfass.de\/index.php?rest_route=\/wp\/v2\/users\/1"}],"replies":[{"embeddable":true,"href":"https:\/\/zeiterfass.de\/index.php?rest_route=%2Fwp%2Fv2%2Fcomments&post=120"}],"version-history":[{"count":4,"href":"https:\/\/zeiterfass.de\/index.php?rest_route=\/wp\/v2\/pages\/120\/revisions"}],"predecessor-version":[{"id":124,"href":"https:\/\/zeiterfass.de\/index.php?rest_route=\/wp\/v2\/pages\/120\/revisions\/124"}],"up":[{"embeddable":true,"href":"https:\/\/zeiterfass.de\/index.php?rest_route=\/wp\/v2\/pages\/53"}],"wp:attachment":[{"href":"https:\/\/zeiterfass.de\/index.php?rest_route=%2Fwp%2Fv2%2Fmedia&parent=120"}],"wp:term":[{"taxonomy":"category","embeddable":true,"href":"https:\/\/zeiterfass.de\/index.php?rest_route=%2Fwp%2Fv2%2Fcategories&post=120"},{"taxonomy":"post_tag","embeddable":true,"href":"https:\/\/zeiterfass.de\/index.php?rest_route=%2Fwp%2Fv2%2Ftags&post=120"}],"curies":[{"name":"wp","href":"https:\/\/api.w.org\/{rel}","templated":true}]}}